be (l/(-11))/((-37)/(-407)). Give n(s).
6
Let j(t) = -16*t + 11. Let x(g) = 2*g - 6 + g + g + 3*g. Let q(w) = 3*j(w) + 7*x(w). Determine q(5).
-4
Let d = 139 - 135. Let u(p) = 7*p**2 - 8*p**2 - 15*p + 16*p + d. Calculate u(6).
-26
Let s(k) = 70*k - 631. Let b(d) = -23*d + 186. Let p(y) = 13*b(y) + 4*s(y). What is p(-6)?
8
Let o be ((-6)/10 + 141/(-15) + 10)/(-1). Let r(j) be the second derivative of -8*j + o - 1/12*j**4 + 3*j**2 - 1/6*j**3. What is r(-5)?
-14
Let s(p) be the third derivative of -p**4/8 - p**3/2 + 12*p**2. Suppose d - 6*d = -25. Suppose 0 = -d*t - w - 2*w + 3, 4*w = -16. Determine s(t).
-12
Let b(i) = 1. Let k(j) = j - 8. Let h be 7/1 - (-5 - -1). Suppose h*a - 4*a = 7. Let d(w) = a*k(w) + 3*b(w). What is d(4)?
-1
Suppose -9*f + 66*f + 456 = 0. Let n(b) = b**2 + 13*b + 29. Give n(f).
-11
Let m(a) = 22*a**2 + 38*a + 4. Let p be m(0). Let c(q) = -3*q + 16. Let v(r) = 15*r - 81. Let y(z) = -21*c(z) - 4*v(z). Give y(p).
0
Let v be ((-10)/(-30))/(4 + 244/(-27) + 5). Let f(n) = -n**3 - 8*n**2 + 8*n - 34. Calculate f(v).
-25
Let z(u) = 5*u + 6. Suppose 0 = 2*t + 4*f - 10, t + 25*f = 22*f + 6. Determine z(t).
21
Let g(t) = -t**2 + 24*t - 21. Let a be g(23). Let u(m) = -m + 241 - a*m**2 - 247 - 3*m - 3*m. Give u(-5).
-21
Let l(n) = -13090*n + 26177. Let c be l(2). Let a(h) = 27*h - 33. Let b(d) = -7*d + 8. Let o(z) = 5*a(z) + 21*b(z). What is o(c)?
39
Suppose -15*w + 2783 - 14213 = 0. Let u = w - -754. Let o(s) = s**3 + 9*s**2 + 9*s + 14. What is o(u)?
6
Suppose -5*y + 0*y + 21 = -2*c, 3*c = 2*y - 4. Let f(z) = -z**2 + 5*z - 56 + 53 - 2*z**c. Let d = -1226 + 1229. Determine f(d).
-15
Let w(l) = l**3 - 4*l**2 - 5*l + 1. Let o(b) = b**3 - 15*b**2 - 15*b - 11. Let i be (1 - -1)/(-1*1/(-8)). Let s be o(i). Determine w(s).
1
Suppose -135*c + 140*c = 15. Let a be 20/c*3/2. Let f(m) = m**2 - 10*m - 1. Give f(a).
-1
Let l = -15 - -19. Let v(t) = t + 5*t**2 - 6 - l*t**2 - 7*t + t. Let p(k) = k + 1. Let b be p(5). Give v(b).
0
Let p be (-3 - -1)/(2 + -3 + -1). Let z(c) = -15 + p - c + 0 + 27. What is z(5)?
8
Let y(u) = u**3 - 7*u**2 - 5*u + 81. Let p be y(5). Let a(x) = -x**3 + 8*x**2 - 5*x - 5. Determine a(p).
37
Suppose -3*m - 40 = -10. Let u(y) = 2*y**3 + 2*y**2 - y - 4. Let x(w) = 43*w**3 + 53*w**2 - 11*w - 80. Let s(t) = 21*u(t) - x(t). Give s(m).
-4
Let f(s) = -4*s - 1. Suppose 0 = -3*r + 2 - 20. Let w(d) = -24*d + 4*d + 19*d - 1. Let i(x) = r*w(x) + f(x). What is i(-4)?
-3
Let u(y) = -4*y - 46. Let z be u(-11). Let d(r) = 3*r**3 + 2*r**2 + 4. Determine d(z).
-12
Let m(v) = 33*v**3 - 13*v**2 - 8*v + 7. Let p(a) = -26*a**3 + 9*a**2 + 7*a - 6. Let c(i) = 4*m(i) + 5*p(i). What is c(3)?
-2
Let p(o) = 4*o. Let u(h) = -h + 4. Let l be u(4). Let y(v) = 0*v**2 + 3*v - v**2 - 18*v + 2 + 18*v. Let f be y(l). What is p(f)?
8
Let u = 5 + -23. Let f = 19 + u. Let k(v) = 3*v**3 - 9*v + v**2 - 14*v + 22*v. What is k(f)?
3
Let i be 5 + ((-90)/(-70) - (-3 - 115/(-35))). Let j(n) = -10*n - 30. Give j(i).
-90
Let c(a) = 7*a. Let h(t) = -8*t - 1. Let y(q) = 4*c(q) + 3*h(q). Let v be 74/(-14) - (-2 + (-36)/(-21)). Let p = 10 + v. Calculate y(p).
17
Let q(y) = -y**2 - 7*y - 2. Suppose -5*x = m + 18, -4*m = -14*x + 17*x + 4. Let f(w) = -3*w**2 - 20*w - 1. Let l(j) = m*f(j) - 7*q(j). Give l(-8).
4
Let u(n) = 106*n - 2. Let o(j) = 89*j - 1. Let h(q) = 7*o(q) - 6*u(q). Give h(6).
-73
Let q(n) = n**2 + 2*n - 868860 + 4*n + 868874. What is q(-3)?
5
Let v(a) = a**3 + 16*a + 11 - 9*a + 12*a**2 + 4*a. Let r(g) = -g**2 - g - 1. Let u(q) = -3*r(q) - v(q). Suppose -3*i + 2*o + 2 = 32, -38 = 4*i - 2*o. Give u(i).
-8
Suppose -l = 2*k + 62, 3*l + 5*k = 2*k - 198. Let o be (-8 + 4)*(0 + 17). Let g = l - o. Let p(f) = 9*f. Calculate p(g).
-18
Let f(v) be the first derivative of -v**3 + 5*v**2 + 13*v + 2553. What is f(4)?
5
Suppose 0 = -r - 5 + 4. Let k(g) = -289*g + 19. Let n(i) = -184*i + 12. Let y(o) = 7*k(o) - 11*n(o). Determine y(r).
0
Suppose -12*k - 525 = -87*k. Let i(p) = 4*p**2 + 32 - 18 - 4*p - 11 + p**3 - k. What is i(-4)?
12
Suppose -4*y = -4, 0 = 4*i + 2*y - 0*y - 610. Let p = -143 + i. Let a(g) = g**2 + 6*g - 1. Let f(l) = -l**2 + l + 1. Let n(j) = a(j) + 2*f(j). What is n(p)?
-8
Let w(f) = f**3 - 3*f**2 - f + 9. Let o be w(2). Suppose -b - 3*p = -11, 55 = 5*b + 4*p + p. Let t(n) = b + n - 1 - 5 + o. Give t(-4).
4
Let v(s) be the third derivative of 0 + 1/2*s**3 + 192*s**2 + 0*s + 1/6*s**4. Suppose 0 = -2*a + l + 3, 4*l - 2*l - 12 = -2*a. Determine v(a).
15
Let q = -43148 - -43140. Let v(y) be the second derivative of y**3/2 + 17*y**2/2 - y. Determine v(q).
-7
Suppose 4*i - 4*c + 8 = 0, -5*i - 3*c = 7 + 11. Let d(v) be the third derivative of v**4/8 + v**3/2 - 4778*v**2. Determine d(i).
-6
Suppose 409 = 2*k - 409. Let g = k - 409. Let w(m) = m**3 + m**2 + m + 16. Calculate w(g).
16
Suppose 0*x = -9*x + 18. Suppose 3*v = -x*m - 21, 4*v + 6 = -3*m - 24. Let t(u) = -1 - 9 + 6 + 6*u**2 - 2*u + u**3. Calculate t(m).
8
Let z be 1251/278 + ((-14)/49 - (-185)/(-14)). Let s(n) = -n**2 + 12 - 6*n + 2*n - 4*n. Determine s(z).
3
Let b(k) be the first derivative of -k**6/360 + k**5/40 + k**4/8 + 47*k**3/3 + 28. Let p(m) be the third derivative of b(m). Calculate p(5).
-7
Let m(z) = z**2 + 11*z. Suppose -28*c = -177 + 37. Suppose 3*x = -4*s + c*s + 17, 3*s + 35 = x. Determine m(s).
0
Let o(y) = 16*y**2 - 303*y - 17. Let j be o(19). Let x(n) be the first derivative of 1/4*n**4 - 5/3*n**3 - 18 + n**j + 2*n. What is x(4)?
-6
Let n(d) be the first derivative of -3*d**2/2 + 2*d + 23127. Let o(q) = q + 1. Let c be o(4). Calculate n(c).
-13
Let h(z) be the third derivative of -z**8/6720 - z**7/1008 - z**6/360 - z**5/60 + 55*z**3/6 - 72*z**2. Let q(g) be the third derivative of h(g). What is q(-3)?
-14
Let r(g) = 11*g**2 - 52*g. Let a(u) = -2*u**3 + 14*u**2 - 29*u + 107. Let n be a(6). Calculate r(n).
15
Let x(b) = -b**2 - 5*b + 1. Let d(h) = h**2 + 7*h. Let w(q) = q**3 - 11*q**2 + 26*q - 12. Let g be w(8). Let y(c) = g*x(c) + 3*d(c). Give y(-5).
-26
Let t(l) = 2*l**2 + 3*l - 3. Suppose 3*h - 11 = q - 32, -4*h - 12 = 4*q. Determine t(q).
24
Let k = 17 - 15. Let w(h) = 5 - h**2 + 0 + h - 6*h - k. Suppose 0*i + i + 6 = 0. What is w(i)?
-3
Let x(t) = -8*t**3 + 6*t**2 + 17*t - 11. Let k(c) = -19*c**3 + 12*c**2 + 37*c - 24. Let u(g) = -3*k(g) + 7*x(g). Give u(-6).
-53
Suppose -9*g + 6*g + 75 = -2*i, -25 = -g - i. Let t(n) = -10 - 25*n + 7 + 56*n - g*n. Determine t(4).
21
Let n(v) = 27*v - 358. Let j be n(13). Let l(p) = 2*p + 8. Determine l(j).
-6
Let d(r) = 54*r**2 + 12*r + 13. Let m(i) = 58*i**2 + 12*i + 12. Let q(a) = -13*d(a) + 12*m(a). Determine q(-4).
-73
Let u(r) = r**2 - 4*r - 26. Let o(i) = 60*i + 548. Let g be o(-9). Calculate u(g).
6
Let r(a) = a**2 + 11*a + 8. Let k be -1 - (-13)/(130/(-100)). What is r(k)?
8
Let o be 7/14 - ((-7)/(-2) + 1). Let s be -4 + 4/(-16)*o - 5. Let h(l) = -2*l. Determine h(s).
16
Let b(s) = -s**3 - 5*s**2 + 4*s - 7. Let h(j) = 4*j**3 + 19*j**2 - 15*j + 28. Let q(l) = -9*b(l) - 2*h(l). Suppose -9*v - 57 + 13 = 28. What is q(v)?
-9
Let u(b) = -2 - 37*b**2 + 13*b**2 - 2*b + 25*b**2 + 6. Let c be (-36)/(-24)*(-116)/(-6). Suppose -5*s = 2*y - c, -13 = -s - 5*y + y. Calculate u(s).
19
Let r(a) be the third derivative of 0 + 56*a**2 - 1/30*a**5 + 0*a + 0*a**4 - 1/3*a**3. Give r(4).
-34
Let o(q) = 32*q + 327. Let t(n) = -16*n - 160. Let x(u) = 4*o(u) + 7*t(u). Determine x(-11).
12
Suppose -8*b - 12944 = -12960. Let u(j) be the third derivative of 1/6*j**4 + 0 + 1/6*j**3 + 11*j**b + 0*j. Give u(-2).
-7
Let y be (36/(-24))/(0 - 9)*9. Let w(r) be the first derivative of 2*r + 24 + y*r**2. Determine w(-2).
-4
Let j be (0*2/(-6))/2. Let l(t) = 4*t + 2. What is l(j)?
2
Let c(i) = -i**3 - 14*i**2 - 16*i + 9. Let y(x) = 12*x**3 - 4*x**2 + 19*x + 23. Let b be y(-1). Calculate c(b).
-87
Let x(t) = t**3 - 16*t**2 - 11*t - 32. Suppose 43 - 3 = 2*k - 3*u, 8 = -4*u. Give x(k).
70
Suppose 2*x = 1 + 7. Suppose x*t - c + 3 = 0, -4*t + 0*c = c + 13. Let w(h) be the third derivative of -5*h**4/24 - h**3/2 + 5*h**2. Give w(t).
7
Let b(f) = -2*f - 13. Let w = 523 - 430. Suppose -23*g = w - 1. Determine b(g).
-5
Let c(b) = 6*b**2 - 1. Let x be -10 - -9 - (-24)/2. Suppose x*p - 39 = 27. Suppose 0 = 4*m - 10 + p. Give c(m).
5
Let p(a) = -a**2 + 7*a - 4. Let r(v) = v**2 - 2*v - 35. 